{"id":29,"date":"2015-05-24T21:48:01","date_gmt":"2015-05-24T20:48:01","guid":{"rendered":"http:\/\/beky.eu\/?page_id=29"},"modified":"2021-02-15T11:40:04","modified_gmt":"2021-02-15T10:40:04","slug":"buk-evropsky-fagus-sylvatica","status":"publish","type":"page","link":"https:\/\/beky.eu\/de\/unsere-holzarten\/europaische-buche-fagus-sylvatica\/","title":{"rendered":"Europ\u00e4ische Buche (Fagus sylvatica)"},"content":{"rendered":"<h1><span class=\"smaller\">Europ\u00e4ische Buche (Fagus sylvatica)<\/span><\/h1>\r\nUnsere Firma hat langj\u00e4hrige Erfahrung mit der Bearbeitung von Buche. Dass wir negative Auswirkung der Unstabilit\u00e4t (das Holz arbeitet beim Trocknen) der Buche eliminieren k\u00f6nnten, bearbeiten wir das Holz wie folgt:\r\n\r\n<div id='gallery-1' class='gallery galleryid-29 gallery-columns-3 gallery-size-thumbnail'><figure class='gallery-item'>\n\t\t\t<div class='gallery-icon landscape'>\n\t\t\t\t<a href='https:\/\/beky.eu\/wp-content\/uploads\/2015\/05\/buk011.jpg' title=\"\" data-rl_title=\"\" class=\"rl-gallery-link\" data-rl_caption=\"\" data-rel=\"lightbox-gallery-1\"><img loading=\"lazy\" decoding=\"async\" width=\"150\" height=\"150\" src=\"https:\/\/beky.eu\/wp-content\/uploads\/2015\/05\/buk011-150x150.jpg\" class=\"attachment-thumbnail size-thumbnail\" alt=\"\" \/><\/a>\n\t\t\t<\/div><\/figure><figure class='gallery-item'>\n\t\t\t<div class='gallery-icon portrait'>\n\t\t\t\t<a href='https:\/\/beky.eu\/wp-content\/uploads\/2015\/10\/Buk_rezivo_A.jpg' title=\"\" data-rl_title=\"\" class=\"rl-gallery-link\" data-rl_caption=\"\" data-rel=\"lightbox-gallery-1\"><img loading=\"lazy\" decoding=\"async\" width=\"150\" height=\"150\" src=\"https:\/\/beky.eu\/wp-content\/uploads\/2015\/10\/Buk_rezivo_A-150x150.jpg\" class=\"attachment-thumbnail size-thumbnail\" alt=\"\" \/><\/a>\n\t\t\t<\/div><\/figure><figure class='gallery-item'>\n\t\t\t<div class='gallery-icon portrait'>\n\t\t\t\t<a href='https:\/\/beky.eu\/wp-content\/uploads\/2015\/05\/buk03-e1441050012787.jpg' title=\"\" data-rl_title=\"\" class=\"rl-gallery-link\" data-rl_caption=\"\" data-rel=\"lightbox-gallery-1\"><img loading=\"lazy\" decoding=\"async\" width=\"150\" height=\"150\" src=\"https:\/\/beky.eu\/wp-content\/uploads\/2015\/05\/buk03-e1441050012787-150x150.jpg\" class=\"attachment-thumbnail size-thumbnail\" alt=\"\" \/><\/a>\n\t\t\t<\/div><\/figure>\n\t\t<\/div>\n\r\n<ul>\r\n\t<li>Rundholz bekommen wir zu der Bearbeitung mit der Feuchte 40-50% und wird in Schnittholz geschnitten.<\/li>\r\n\t<li>Das Schnittholz wird durch Druckd\u00e4mpfung, um eine gleichm\u00e4\u00dfige Farbe im ganzen Profil zu bekommen, (Die Produkte aus Buche von uns sind farbig \u00e4hnlich als das Furnier der Firma Danzer).<\/li>\r\n\t<li>Aus dem Schnittholz produzieren wir Kantelware, die in den speziellen Trockenkammern getrocknet werden. Trockenzeit f\u00fcr Buche ist von 21 bis 50 Tagen. Es ist von dem Profil, der Feuchte, der Klimabedingungen und weiteren Faktoren abh\u00e4ngig. Resultierende Feuchte bewegt sich zwischen den Werten von 8 bis 10%. Beim Trockenprozess verkleinert sich dem Material um bis 14% eigene Gr\u00f6\u00dfe und das nach der wirkliche Wassergehaltanteil im getrockneten Material.<\/li>\r\n\t<li>Getrocknete Kantel werden gehobelt und f\u00fcr weitere Bearbeitung verteilt: entweder werden die Kantel weiter als Kantelware mit der Rundung bearbeitet oder gebogen, usw., oder f\u00fcr Verleimen verwendet.<\/li>\r\n<\/ul>","protected":false},"excerpt":{"rendered":"Europ\u00e4ische Buche (Fagus sylvatica) Unsere Firma hat langj\u00e4hrige Erfahrung mit der Bearbeitung von Buche. Dass wir negative Auswirkung der Unstabilit\u00e4t (das Holz arbeitet beim Trocknen) der Buche eliminieren k\u00f6nnten, bearbeiten wir das Holz wie folgt: Rundholz bekommen wir zu der Bearbeitung mit der Feuchte 40-50% und wird in Schnittholz geschnitten. Das Schnittholz wird durch Druckd\u00e4mpfung, <p><a class=\"read-more\" href=\"https:\/\/beky.eu\/de\/unsere-holzarten\/europaische-buche-fagus-sylvatica\/\" itemprop=\"url\">Read More<\/a><\/p>","protected":false},"author":2,"featured_media":0,"parent":11,"menu_order":0,"comment_status":"closed","ping_status":"closed","template":"","meta":{"footnotes":""},"class_list":["post-29","page","type-page","status-publish","hentry","no-wpautop"],"_links":{"self":[{"href":"https:\/\/beky.eu\/de\/wp-json\/wp\/v2\/pages\/29","targetHints":{"allow":["GET"]}}],"collection":[{"href":"https:\/\/beky.eu\/de\/wp-json\/wp\/v2\/pages"}],"about":[{"href":"https:\/\/beky.eu\/de\/wp-json\/wp\/v2\/types\/page"}],"author":[{"embeddable":true,"href":"https:\/\/beky.eu\/de\/wp-json\/wp\/v2\/users\/2"}],"replies":[{"embeddable":true,"href":"https:\/\/beky.eu\/de\/wp-json\/wp\/v2\/comments?post=29"}],"version-history":[{"count":31,"href":"https:\/\/beky.eu\/de\/wp-json\/wp\/v2\/pages\/29\/revisions"}],"predecessor-version":[{"id":1265,"href":"https:\/\/beky.eu\/de\/wp-json\/wp\/v2\/pages\/29\/revisions\/1265"}],"up":[{"embeddable":true,"href":"https:\/\/beky.eu\/de\/wp-json\/wp\/v2\/pages\/11"}],"wp:attachment":[{"href":"https:\/\/beky.eu\/de\/wp-json\/wp\/v2\/media?parent=29"}],"curies":[{"name":"wp","href":"https:\/\/api.w.org\/{rel}","templated":true}]}}

Europäische Buche (Fagus sylvatica)

<h1><span class="smaller">Europäische Buche (Fagus sylvatica)</span></h1>
Unsere Firma hat langjährige Erfahrung mit der Bearbeitung von Buche. Dass wir negative Auswirkung der Unstabilität (das Holz arbeitet beim Trocknen) der Buche eliminieren könnten, bearbeiten wir das Holz wie folgt:

<div id='gallery-1' class='gallery galleryid-29 gallery-columns-3 gallery-size-thumbnail'><figure class='gallery-item'>
			<div class='gallery-icon landscape'>
				<a href='https://beky.eu/wp-content/uploads/2015/05/buk011.jpg' title="" data-rl_title="" class="rl-gallery-link" data-rl_caption="" data-rel="lightbox-gallery-1"><img loading="lazy" decoding="async" width="150" height="150" src="https://beky.eu/wp-content/uploads/2015/05/buk011-150x150.jpg" class="attachment-thumbnail size-thumbnail" alt="" /></a>
			</div></figure><figure class='gallery-item'>
			<div class='gallery-icon portrait'>
				<a href='https://beky.eu/wp-content/uploads/2015/10/Buk_rezivo_A.jpg' title="" data-rl_title="" class="rl-gallery-link" data-rl_caption="" data-rel="lightbox-gallery-1"><img loading="lazy" decoding="async" width="150" height="150" src="https://beky.eu/wp-content/uploads/2015/10/Buk_rezivo_A-150x150.jpg" class="attachment-thumbnail size-thumbnail" alt="" /></a>
			</div></figure><figure class='gallery-item'>
			<div class='gallery-icon portrait'>
				<a href='https://beky.eu/wp-content/uploads/2015/05/buk03-e1441050012787.jpg' title="" data-rl_title="" class="rl-gallery-link" data-rl_caption="" data-rel="lightbox-gallery-1"><img loading="lazy" decoding="async" width="150" height="150" src="https://beky.eu/wp-content/uploads/2015/05/buk03-e1441050012787-150x150.jpg" class="attachment-thumbnail size-thumbnail" alt="" /></a>
			</div></figure>
		</div>

<ul>
	<li>Rundholz bekommen wir zu der Bearbeitung mit der Feuchte 40-50% und wird in Schnittholz geschnitten.</li>
	<li>Das Schnittholz wird durch Druckdämpfung, um eine gleichmäßige Farbe im ganzen Profil zu bekommen, (Die Produkte aus Buche von uns sind farbig ähnlich als das Furnier der Firma Danzer).</li>
	<li>Aus dem Schnittholz produzieren wir Kantelware, die in den speziellen Trockenkammern getrocknet werden. Trockenzeit für Buche ist von 21 bis 50 Tagen. Es ist von dem Profil, der Feuchte, der Klimabedingungen und weiteren Faktoren abhängig. Resultierende Feuchte bewegt sich zwischen den Werten von 8 bis 10%. Beim Trockenprozess verkleinert sich dem Material um bis 14% eigene Größe und das nach der wirkliche Wassergehaltanteil im getrockneten Material.</li>
	<li>Getrocknete Kantel werden gehobelt und für weitere Bearbeitung verteilt: entweder werden die Kantel weiter als Kantelware mit der Rundung bearbeitet oder gebogen, usw., oder für Verleimen verwendet.</li>
</ul>

Europäische Buche (Fagus sylvatica) Unsere Firma hat langjährige Erfahrung mit der Bearbeitung von Buche. Dass wir negative Auswirkung der Unstabilität (das Holz arbeitet beim Trocknen) der Buche eliminieren könnten, bearbeiten wir das Holz wie folgt: Rundholz bekommen wir zu der Bearbeitung mit der Feuchte 40-50% und wird in Schnittholz geschnitten. Das Schnittholz wird durch Druckdämpfung, <p><a class="read-more" href="https://beky.eu/de/unsere-holzarten/europaische-buche-fagus-sylvatica/" itemprop="url">Read More</a></p>
