{"id":178,"date":"2015-08-01T07:46:33","date_gmt":"2015-08-01T06:46:33","guid":{"rendered":"http:\/\/beky.eu\/?page_id=178"},"modified":"2021-02-15T12:02:40","modified_gmt":"2021-02-15T11:02:40","slug":"drevni-moucka","status":"publish","type":"page","link":"https:\/\/beky.eu\/cs\/drevni-moucka-brikety\/drevni-moucka\/","title":{"rendered":"D\u0159evn\u00ed mou\u010dka"},"content":{"rendered":"<h1>D\u0159evn\u00ed mou\u010dka<\/h1>\r\n<p>D\u0159evn\u00ed mou\u010dka m\u00e1 mnoho zp\u016fsob\u016f vyu\u017eit\u00ed. V sou\u010dasn\u00e9 dob\u011b je na\u0161e mou\u010dka vyu\u017e\u00edv\u00e1na jako jeden ze vstupn\u00edch materi\u00e1l\u016f pro v\u00fdrobu d\u0159evoplast\u016f (kompozitn\u00edch materi\u00e1l\u016f), v \u017eivo\u010di\u0161n\u00e9 produkci jako podest\u00fdlka pro hospod\u00e1\u0159sk\u00e1 zv\u00ed\u0159ata, a v ko\u017ee\u0161inov\u00e9m pr\u016fmyslu jako prost\u0159edek k vy\u010din\u011bn\u00ed k\u016f\u017e\u00ed. Je ov\u0161em mo\u017en\u00e9 ji pou\u017e\u00edt i pro dal\u0161\u00ed \u00fa\u010dely.<\/p>\r\n<p><strong>Na\u0161e d\u0159evn\u00ed mou\u010dka nem\u00e1 certifik\u00e1t FSC<sup>\u00ae<\/sup>.<\/strong><\/p>\r\n\r\n<p>D\u0159evn\u00ed mou\u010dka vznik\u00e1 z bukov\u00fdch pilin, kter\u00e9 jsou vysu\u0161eny p\u0159i teplot\u011b 500 \u2013 550 \u00b0C (tato teplota mimo jin\u00e9 zajist\u00ed vydesinfikov\u00e1n\u00ed vstupn\u00edho materi\u00e1lu, co\u017e je d\u016fle\u017eit\u00e9 pro pou\u017eit\u00ed v \u017eivo\u010di\u0161n\u00e9 v\u00fdrob\u011b). Materi\u00e1l se v pr\u016fb\u011bhu v\u00fdrobn\u00edho procesu t\u0159\u00edd\u00ed podle velikosti \u010d\u00e1stic, p\u0159\u00edli\u0161 velk\u00e9 \u010d\u00e1stice se drt\u00ed ve speci\u00e1ln\u00edm ml\u00fdn\u011b, p\u0159\u00edli\u0161 mal\u00e9 (prachov\u00e9) \u010d\u00e1stice se odd\u011bluj\u00ed a odv\u00e1d\u00ed pry\u010d. V\u00fdsledn\u00fd produkt se pros\u00edv\u00e1 p\u0159es syst\u00e9m s\u00edt, kter\u00e9 umo\u017en\u00ed rozd\u011blen\u00ed jednotliv\u00fdch frakc\u00ed mou\u010dky podle velikosti jej\u00edch \u010d\u00e1stic. Mou\u010dka takto rozd\u011blen\u00e1 na frakce se skladuje v silech, odkud putuje na balic\u00ed linku. Podle p\u0159\u00e1n\u00ed z\u00e1kazn\u00edka je mo\u017en\u00e9 jednotliv\u00e9 frakce m\u00edchat, aby vznikl produkt po\u017eadovan\u00e9 hrubosti. Mou\u010dka se bal\u00ed do dvojvrstv\u00fdch pap\u00edrov\u00fdch pytl\u016f o v\u00e1ze 20 kg, p\u0159\u00edpadn\u011b do bigbag\u016f o v\u00e1ze 400 kg, dle po\u017eadavku z\u00e1kazn\u00edka.<\/p>\r\n\r\n<div id='gallery-1' class='gallery galleryid-178 gallery-columns-2 gallery-size-thumbnail'><figure class='gallery-item'>\n\t\t\t<div class='gallery-icon portrait'>\n\t\t\t\t<a href='https:\/\/beky.eu\/wp-content\/uploads\/2015\/10\/Moucka_02.jpg' title=\"\" data-rl_title=\"\" class=\"rl-gallery-link\" data-rl_caption=\"\" data-rel=\"lightbox-gallery-1\"><img loading=\"lazy\" decoding=\"async\" width=\"150\" height=\"150\" src=\"https:\/\/beky.eu\/wp-content\/uploads\/2015\/10\/Moucka_02-150x150.jpg\" class=\"attachment-thumbnail size-thumbnail\" alt=\"\" \/><\/a>\n\t\t\t<\/div><\/figure><figure class='gallery-item'>\n\t\t\t<div class='gallery-icon landscape'>\n\t\t\t\t<a href='https:\/\/beky.eu\/wp-content\/uploads\/2015\/10\/Moucka_01.jpg' title=\"\" data-rl_title=\"\" class=\"rl-gallery-link\" data-rl_caption=\"\" data-rel=\"lightbox-gallery-1\"><img loading=\"lazy\" decoding=\"async\" width=\"150\" height=\"150\" src=\"https:\/\/beky.eu\/wp-content\/uploads\/2015\/10\/Moucka_01-150x150.jpg\" class=\"attachment-thumbnail size-thumbnail\" alt=\"\" \/><\/a>\n\t\t\t<\/div><\/figure>\n\t\t<\/div>\n","protected":false},"excerpt":{"rendered":"D\u0159evn\u00ed mou\u010dka D\u0159evn\u00ed mou\u010dka m\u00e1 mnoho zp\u016fsob\u016f vyu\u017eit\u00ed. V sou\u010dasn\u00e9 dob\u011b je na\u0161e mou\u010dka vyu\u017e\u00edv\u00e1na jako jeden ze vstupn\u00edch materi\u00e1l\u016f pro v\u00fdrobu d\u0159evoplast\u016f (kompozitn\u00edch materi\u00e1l\u016f), v \u017eivo\u010di\u0161n\u00e9 produkci jako podest\u00fdlka pro hospod\u00e1\u0159sk\u00e1 zv\u00ed\u0159ata, a v ko\u017ee\u0161inov\u00e9m pr\u016fmyslu jako prost\u0159edek k vy\u010din\u011bn\u00ed k\u016f\u017e\u00ed. Je ov\u0161em mo\u017en\u00e9 ji pou\u017e\u00edt i pro dal\u0161\u00ed \u00fa\u010dely. Na\u0161e d\u0159evn\u00ed mou\u010dka nem\u00e1 <p><a class=\"read-more\" href=\"https:\/\/beky.eu\/cs\/drevni-moucka-brikety\/drevni-moucka\/\" itemprop=\"url\">Read More<\/a><\/p>","protected":false},"author":2,"featured_media":0,"parent":19,"menu_order":0,"comment_status":"closed","ping_status":"closed","template":"","meta":{"footnotes":""},"class_list":["post-178","page","type-page","status-publish","hentry","no-wpautop"],"_links":{"self":[{"href":"https:\/\/beky.eu\/cs\/wp-json\/wp\/v2\/pages\/178","targetHints":{"allow":["GET"]}}],"collection":[{"href":"https:\/\/beky.eu\/cs\/wp-json\/wp\/v2\/pages"}],"about":[{"href":"https:\/\/beky.eu\/cs\/wp-json\/wp\/v2\/types\/page"}],"author":[{"embeddable":true,"href":"https:\/\/beky.eu\/cs\/wp-json\/wp\/v2\/users\/2"}],"replies":[{"embeddable":true,"href":"https:\/\/beky.eu\/cs\/wp-json\/wp\/v2\/comments?post=178"}],"version-history":[{"count":29,"href":"https:\/\/beky.eu\/cs\/wp-json\/wp\/v2\/pages\/178\/revisions"}],"predecessor-version":[{"id":1271,"href":"https:\/\/beky.eu\/cs\/wp-json\/wp\/v2\/pages\/178\/revisions\/1271"}],"up":[{"embeddable":true,"href":"https:\/\/beky.eu\/cs\/wp-json\/wp\/v2\/pages\/19"}],"wp:attachment":[{"href":"https:\/\/beky.eu\/cs\/wp-json\/wp\/v2\/media?parent=178"}],"curies":[{"name":"wp","href":"https:\/\/api.w.org\/{rel}","templated":true}]}}

Dřevní moučka

<h1>Dřevní moučka</h1>
<p>Dřevní moučka má mnoho způsobů využití. V současné době je naše moučka využívána jako jeden ze vstupních materiálů pro výrobu dřevoplastů (kompozitních materiálů), v živočišné produkci jako podestýlka pro hospodářská zvířata, a v kožešinovém průmyslu jako prostředek k vyčinění kůží. Je ovšem možné ji použít i pro další účely.</p>
<p><strong>Naše dřevní moučka nemá certifikát FSC<sup>®</sup>.</strong></p>

<p>Dřevní moučka vzniká z bukových pilin, které jsou vysušeny při teplotě 500 – 550 °C (tato teplota mimo jiné zajistí vydesinfikování vstupního materiálu, což je důležité pro použití v živočišné výrobě). Materiál se v průběhu výrobního procesu třídí podle velikosti částic, příliš velké částice se drtí ve speciálním mlýně, příliš malé (prachové) částice se oddělují a odvádí pryč. Výsledný produkt se prosívá přes systém sít, které umožní rozdělení jednotlivých frakcí moučky podle velikosti jejích částic. Moučka takto rozdělená na frakce se skladuje v silech, odkud putuje na balicí linku. Podle přání zákazníka je možné jednotlivé frakce míchat, aby vznikl produkt požadované hrubosti. Moučka se balí do dvojvrstvých papírových pytlů o váze 20 kg, případně do bigbagů o váze 400 kg, dle požadavku zákazníka.</p>

<div id='gallery-1' class='gallery galleryid-178 gallery-columns-2 gallery-size-thumbnail'><figure class='gallery-item'>
			<div class='gallery-icon portrait'>
				<a href='https://beky.eu/wp-content/uploads/2015/10/Moucka_02.jpg' title="" data-rl_title="" class="rl-gallery-link" data-rl_caption="" data-rel="lightbox-gallery-1"><img loading="lazy" decoding="async" width="150" height="150" src="https://beky.eu/wp-content/uploads/2015/10/Moucka_02-150x150.jpg" class="attachment-thumbnail size-thumbnail" alt="" /></a>
			</div></figure><figure class='gallery-item'>
			<div class='gallery-icon landscape'>
				<a href='https://beky.eu/wp-content/uploads/2015/10/Moucka_01.jpg' title="" data-rl_title="" class="rl-gallery-link" data-rl_caption="" data-rel="lightbox-gallery-1"><img loading="lazy" decoding="async" width="150" height="150" src="https://beky.eu/wp-content/uploads/2015/10/Moucka_01-150x150.jpg" class="attachment-thumbnail size-thumbnail" alt="" /></a>
			</div></figure>
		</div>

Dřevní moučka Dřevní moučka má mnoho způsobů využití. V současné době je naše moučka využívána jako jeden ze vstupních materiálů pro výrobu dřevoplastů (kompozitních materiálů), v živočišné produkci jako podestýlka pro hospodářská zvířata, a v kožešinovém průmyslu jako prostředek k vyčinění kůží. Je ovšem možné ji použít i pro další účely. Naše dřevní moučka nemá <p><a class="read-more" href="https://beky.eu/cs/drevni-moucka-brikety/drevni-moucka/" itemprop="url">Read More</a></p>
